 - 21 = -k + 5*r. Calculate the remainder when k is divided by q.
23
Let b(w) = -w + 1. Let x be 4/18 - 116/36. Let h be b(x). Suppose 3*d + h*p + 53 = 8*d, 2*p + 7 = d. Calculate the remainder when 37 is divided by d.
11
Suppose 2*v + 4 - 224 = 0. Calculate the remainder when v is divided by 38.
34
Let z = -227 + 118. Let w = z + 181. Suppose 2*o - w = -2*o. Calculate the remainder when o is divided by 7.
4
Let r(p) = 8*p - 77. Calculate the remainder when r(12) is divided by 7.
5
Let u = 28 - -24. Suppose 0 = p - 3 - 0. Suppose 4*s + z - u = 0, -p*s - z + 40 = -0*s. Calculate the remainder when 32 is divided by s.
8
Let z(w) = 11*w - 1. Let c(s) = s**2 - s - 3. Suppose -2*p = -3*p - 4. What is the remainder when c(p) is divided by z(1)?
7
Suppose 5*j - 7 = -3*a, 2*a = -3*a + j + 21. Suppose 4*l + 0*l = -5*v - 21, -a*v = -l - 21. Let k = l - -67. Calculate the remainder when k is divided by 20.
18
Suppose 0 = -3*w + 8*w + 55. Let d = -10 - w. Calculate the remainder when 2 is divided by d.
0
What is the remainder when (16 - 22) + (121 - -1) + 1 is divided by 48?
21
Let d = 319 - 108. Suppose 43 = -0*x + x - 3*h, -4*x = h - d. Calculate the remainder when x is divided by 11.
8
Suppose 2*r + 52 = -2*r. Let k = r + 13. Calculate the remainder when (-3 - -2 - k) + 23 is divided by 8.
6
Calculate the remainder when 133 is divided by -6 + ((-35)/5 - -54).
10
Suppose -z - 4*z = -p + 178, 2*z + 68 = 2*p. Calculate the remainder when (-2)/(-24)*3 + (-1935)/z is divided by 22.
10
Suppose -11*z + 712 - 195 = 0. Calculate the remainder when 233 is divided by z.
45
Let u(l) = l**3 + 5*l**2 - 5*l + 3. Let g be u(-6). Let j(b) = b**2 - 3*b + 4. Let q = -32 + 38. Calculate the remainder when j(g) is divided by q.
4
Suppose 7 - 21 = -2*s. Suppose -208 = 3*l - s*l. What is the remainder when l is divided by 18?
16
Let j = 18 - -9. Let s = -436 + 1176. What is the remainder when s/14 - 1/(-7) is divided by j?
26
Suppose 3*g - 120 = 29*k - 28*k, 0 = -3*g - 4*k + 105. Calculate the remainder when 335 is divided by g.
23
Let t(g) be the second derivative of -g**5/20 + 5*g**4/6 - 7*g**3/6 - 3*g**2 - g. Calculate the remainder when t(8) is divided by 18.
12
Let v(g) = -g**3 - g**2 - 2*g + 38. What is the remainder when 396 is divided by v(0)?
16
Suppose a - 234 = -76. Calculate the remainder when a is divided by 16.
14
Calculate the remainder when 124 is divided by -6 + (-80)/(-12) - 40/(-3).
12
Suppose 11 = q + 2*l, -40 + 1 = -3*q - 3*l. What is the remainder when 56 is divided by q?
11
Let k(t) = -4 - 10 + 3*t + 2. What is the remainder when 1 + 5 - (0 + 2) is divided by k(5)?
1
Suppose 154 = 12*o - 50. Calculate the remainder when 64 is divided by o.
13
Let k(i) = -6*i - 8. Suppose 3*x + 2*r + 13 = r, 2*r + 23 = -5*x. Let d(m) = m**3 + 7*m**2 - m - 1. What is the remainder when d(x) is divided by k(-3)?
8
Suppose 2*i + 2*a - 76 = 0, 3*i = 5*a - 6 + 104. What is the remainder when 143 is divided by i?
35
Let q(i) = i**3 + 8*i**2 - 11*i - 8. Let a be q(-9). Let z = 65 - a. Let t = -33 + z. What is the remainder when 42 is divided by t?
20
Let d(v) be the third derivative of -v**4/12 + 7*v**3/3 + 8*v**2. Calculate the remainder when 68 is divided by d(0).
12
Let p = 83 + -79. Suppose 0 = 2*o + p, -h = -2*o - 2*o - 15. Calculate the remainder when 11 is divided by h.
4
Suppose -15*g + 8*g + 84 = 0. What is the remainder when 36 is divided by g?
0
Suppose -89 = -c + 4*v, 4*c - 3*c - 86 = v. What is the remainder when c is divided by (18 - (-1 - 2)) + 2?
16
Suppose -f + 15*f - 28 = 0. Suppose -f*w = w - 48. Calculate the remainder when 44 is divided by w.
12
Suppose 4*p + 4*i = -236, -i = -3*p - 273 + 88. Let b = 109 + p. Calculate the remainder when b is divided by 17.
14
Let t = 1012 - 998. Calculate the remainder when 315 is divided by t.
7
Let i(l) = -3 + l**2 + 18 + 1 - 13*l. Let w(b) = -3*b - 5. What is the remainder when w(-6) is divided by i(12)?
1
Let o = 91 + -86. Suppose 2*d - 9 = 5. Calculate the remainder when d is divided by o.
2
Let u = 1 + 9. Suppose -5*p + u*p - 60 = 0. Suppose -p*v + 17*v - 65 = 0. What is the remainder when 37 is divided by v?
11
Suppose 65 = 10*t - 75. Calculate the remainder when 207 is divided by t.
11
Suppose -o = 4*o + l - 342, -3*o + 198 = 3*l. Let r = -302 - -338. Calculate the remainder when o is divided by r.
33
Let p be 2/2*(3 - 3). Let s be (-2)/(-12)*-3*p. Suppose t - 6*t - 5*b + 65 = 0, s = t + 2*b - 17. Calculate the remainder when 35 is divided by t.
8
Let f = -91 - -174. Suppose 0 = 3*p + i - 47, 34 + 20 = 2*p - 5*i. Calculate the remainder when f is divided by p.
15
Let j(v) = 3*v + 1. Suppose 9*a - 2*k - 25 = 4*a, 2*a = 5*k + 10. Calculate the remainder when ((-1 + 13)/(-4))/((-3)/46) is divided by j(a).
14
Let y be 6/14 + (450/(-21))/(-6). Suppose 256 = -0*f + y*f. Calculate the remainder when f is divided by 22.
20
Let h be (-9 - 88) + (-6)/2. Let r = h + 172. What is the remainder when r is divided by 171/38*20/6?
12
Let i = -266 + 269. What is the remainder when 26 is divided by i?
2
Let u(k) = -106*k**2 + 3*k + k**3 - 3 + 53*k**2 - 2*k + 46*k**2. What is the remainder when u(7) is divided by 2?
0
Suppose 9 = -3*c + 15. Suppose -6*l = -c*l - 96. Calculate the remainder when 46 is divided by l.
22
Suppose 53*m - 2*n - 508 = 48*m, 0 = -5*m - 2*n + 512. What is the remainder when m is divided by 27?
21
Let u(c) = -c**2 + 7*c - 2. Let h be u(5). Let z(l) = 4*l - 20. Let a = 104 - 69. What is the remainder when a is divided by z(h)?
11
Suppose r + 7*x - 6 = 10*x, 4*r - 51 = 3*x. Calculate the remainder when 264 is divided by r.
9
Suppose 2*f - 305 = 3*a, 2*f - 2*a = 5*f - 464. Let t = f + -106. What is the remainder when t is divided by 10?
8
Let x(z) = -z**3 + 3*z**2 - z + 3. Let c be x(-3). Let s = 58 + 26. Let w = s - c. What is the remainder when 69 is divided by w?
21
Suppose -205 = -4*a - 5*y, -2*y = -a - 11 + 59. Let o = a - 31. Suppose 0 = 5*s - 21 - o. What is the remainder when s is divided by 3?
2
Suppose -19*x + 3*s + 72 = -16*x, 0 = -5*s + 25. Let o(r) = -r**3 + 15. Let y(q) = -q + 5. Let f be y(5). Calculate the remainder when x is divided by o(f).
14
Let f(b) = -4*b - 2. Let r be f(-4). Let p be (6/9)/1*-12. Let d = r + p. What is the remainder when 17 is divided by d?
5
Let t = 301 + 24. What is the remainder when t is divided by 11?
6
Suppose 992 = -124*g + 156*g. What is the remainder when g is divided by 9?
4
Let x = 59 - 39. What is the remainder when 57 is divided by x?
17
Let w(b) = -9*b - 404. Calculate the remainder when 126 is divided by w(-48).
14
Let n = 116 - 108. Calculate the remainder when ((-4)/6)/((-1)/21) is divided by 3 + 1 - ((-48)/n - -6).
2
Let z = -29 + 32. Suppose -z*m + 13 = i, 3 = 5*i + 4*m - 29. Suppose 0*x - 3*q + i = x, 3*q + 46 = 4*x. Calculate the remainder when x is divided by 3.
1
Suppose 58*w = 60*w - 140. Calculate the remainder when 489 is divided by w.
69
Let q = 42 - -2. Suppose -4*c - q = -2*c. Calculate the remainder when c/143 - (-314)/13 is divided by 9.
6
Let w be -25*66/(-15)*1. Suppose -13 = x - w. What is the remainder when x is divided by 25?
22
Suppose 0*z = 2*z - 306. Let c = -309 - -219. Let b = z + c. Calculate the remainder when b is divided by 16.
15
Let y(o) = o**3 + 8*o**2 - 2*o - 12. Let u be y(-8). Suppose -u*b = 4, 3*b = 2*g - 0*b + 69. What is the remainder when (10/4)/((-18)/g) is divided by 3?
2
Let w = 39 + 6. Suppose 250*g - 247*g - 51 = 0. Calculate the remainder when w is divided by g.
11
Let l(w) = -12*w - 9. Let x = 34 + -36. What is the remainder when l(x) is divided by 8?
7
Suppose -4*g = -2*t + 88, 3*t + 20*g = 23*g + 129. What is the remainder when 166 is divided by t?
40
Suppose o = 0, u + 2*u + 5*o - 102 = 0. Suppose -3*s - 1 + u = 3*n, -2*n - 3*s + 18 = 0. Calculate the remainder when 59 is divided by n.
14
What is the remainder when 156/(-273) + 1982/14 is divided by 32?
13
Let a = 57 - 44. What is the remainder when ((-2648)/18)/(-4) - 22/(-99) is divided by a?
11
Let y = -180 - -185. Calculate the remainder when 23 is divided by y.
3
Suppose 0 = r - 24 - 11. Let p(l) = -l**2 + 9*l - 15. Let i be p(6). Suppose 3*k - 37 = -c, 0*c - 3*c = -i. Calculate the remainder when r is divided by k.
11
Suppose 545 + 585 = 10*v. Calcu